{"id":417,"date":"2023-08-28T10:34:42","date_gmt":"2023-08-28T10:34:42","guid":{"rendered":"https:\/\/lilleskoven.com\/?page_id=417"},"modified":"2024-08-14T09:35:19","modified_gmt":"2024-08-14T09:35:19","slug":"om-lilleskoven","status":"publish","type":"page","link":"https:\/\/lilleskoven.com\/index.php\/om-lilleskoven\/","title":{"rendered":"Om Lilleskovens B\u00f8rnehus"},"content":{"rendered":"<div id='full_slider_1'  class='avia-fullwidth-slider main_color avia-shadow   avia-builder-el-0  el_before_av_layout_row  avia-builder-el-first   container_wrap sidebar_right'  >\n<style type=\"text\/css\" data-created_by=\"avia_inline_auto\" id=\"style-css-av-av_slideshow_full-bfc94a9940677096e6adb1afe25ede08\">\n#top #wrap_all .avia-slideshow .av-slideshow-caption.av-av_slideshow_full-bfc94a9940677096e6adb1afe25ede08__0 .avia-caption-title{\nfont-size:60px;\n}\n#top .avia-slideshow .av-slideshow-caption.av-av_slideshow_full-bfc94a9940677096e6adb1afe25ede08__0 .avia-caption-content{\nfont-size:24px;\n}\n#top .avia-slideshow .av-slideshow-caption.av-av_slideshow_full-bfc94a9940677096e6adb1afe25ede08__0 .avia-caption-content p{\nfont-size:24px;\n}\n\n@media only screen and (min-width: 990px){ \n#top #wrap_all .avia-slideshow .av-slideshow-caption.av-av_slideshow_full-bfc94a9940677096e6adb1afe25ede08__0 .avia-caption-title{\nfont-size:60px;\n}\n#top .avia-slideshow .av-slideshow-caption.av-av_slideshow_full-bfc94a9940677096e6adb1afe25ede08__0 .avia-caption-content{\nfont-size:24px;\n}\n#top .avia-slideshow .av-slideshow-caption.av-av_slideshow_full-bfc94a9940677096e6adb1afe25ede08__0 .avia-caption-content p{\nfont-size:24px;\n}\n}\n\n@media only screen and (min-width: 768px) and (max-width: 989px){ \n#top #wrap_all .avia-slideshow .av-slideshow-caption.av-av_slideshow_full-bfc94a9940677096e6adb1afe25ede08__0 .avia-caption-title{\nfont-size:34px;\n}\n#top .avia-slideshow .av-slideshow-caption.av-av_slideshow_full-bfc94a9940677096e6adb1afe25ede08__0 .avia-caption-content{\nfont-size:20px;\n}\n#top .avia-slideshow .av-slideshow-caption.av-av_slideshow_full-bfc94a9940677096e6adb1afe25ede08__0 .avia-caption-content p{\nfont-size:20px;\n}\n}\n\n@media only screen and (min-width: 480px) and (max-width: 767px){ \n#top #wrap_all .avia-slideshow .av-slideshow-caption.av-av_slideshow_full-bfc94a9940677096e6adb1afe25ede08__0 .avia-caption-title{\nfont-size:34px;\n}\n#top .avia-slideshow .av-slideshow-caption.av-av_slideshow_full-bfc94a9940677096e6adb1afe25ede08__0 .avia-caption-content{\nfont-size:20px;\n}\n#top .avia-slideshow .av-slideshow-caption.av-av_slideshow_full-bfc94a9940677096e6adb1afe25ede08__0 .avia-caption-content p{\nfont-size:20px;\n}\n}\n\n@media only screen and (max-width: 479px){ \n#top #wrap_all .avia-slideshow .av-slideshow-caption.av-av_slideshow_full-bfc94a9940677096e6adb1afe25ede08__0 .avia-caption-title{\nfont-size:30px;\n}\n#top .avia-slideshow .av-slideshow-caption.av-av_slideshow_full-bfc94a9940677096e6adb1afe25ede08__0 .avia-caption-content{\nfont-size:16px;\n}\n#top .avia-slideshow .av-slideshow-caption.av-av_slideshow_full-bfc94a9940677096e6adb1afe25ede08__0 .avia-caption-content p{\nfont-size:16px;\n}\n}\n<\/style>\n<div  class='avia-slideshow av-av_slideshow_full-bfc94a9940677096e6adb1afe25ede08 avia-slideshow-featured_large av_slideshow_full avia-slide-slider av-slideshow-ui av-control-default av-slideshow-manual av-loop-once av-loop-manual-endless av-default-height-applied   avia-slideshow-1' data-slideshow-options=\"{&quot;animation&quot;:&quot;slide&quot;,&quot;autoplay&quot;:false,&quot;loop_autoplay&quot;:&quot;once&quot;,&quot;interval&quot;:5,&quot;loop_manual&quot;:&quot;manual-endless&quot;,&quot;autoplay_stopper&quot;:false,&quot;noNavigation&quot;:false,&quot;bg_slider&quot;:false,&quot;keep_padding&quot;:false,&quot;hoverpause&quot;:false,&quot;show_slide_delay&quot;:0}\"  itemprop=\"image\" itemscope=\"itemscope\" itemtype=\"https:\/\/schema.org\/ImageObject\" ><ul class='avia-slideshow-inner ' style='padding-bottom: 42%;'><li  class='avia-slideshow-slide av-av_slideshow_full-bfc94a9940677096e6adb1afe25ede08__0  av-single-slide slide-1 slide-odd'><div data-rel='slideshow-1' class='avia-slide-wrap '   ><div class='av-slideshow-caption av-av_slideshow_full-bfc94a9940677096e6adb1afe25ede08__0 caption_fullwidth caption_center'><div class=\"container caption_container\"><div class=\"slideshow_caption\"><div class=\"slideshow_inner_caption\"><div class=\"slideshow_align_caption\"><h2 class='avia-caption-title '  itemprop=\"name\" >Marieh\u00f8nen<\/h2><div class='avia-caption-content '  itemprop=\"description\" ><p>i Lilleskovens B\u00f8rnehus<\/p>\n<\/div><\/div><\/div><\/div><\/div><\/div><img src='https:\/\/lilleskoven.com\/wp-content\/uploads\/2024\/04\/Lilleskoven_0006__DSC6966-1500x630.jpg' width='1500' height='630' title='Lilleskoven_0006__DSC6966' alt=''  itemprop=\"thumbnailUrl\"   \/><div class='av-section-color-overlay' style='opacity: 0.3; background-color: #000000; '><\/div><\/div><\/li><\/ul><\/div><\/div>\n<div id='welcome'  class='av-layout-grid-container av-av_layout_row-dd6afa855861436c9e7af787d0b3bf8b entry-content-wrapper main_color av-fixed-cells  avia-builder-el-1  el_after_av_slideshow_full  el_before_av_section  grid-row-not-first  container_wrap sidebar_right'  >\n\n<style type=\"text\/css\" data-created_by=\"avia_inline_auto\" id=\"style-css-av-av_cell_one_fourth-f916d7372e4f1fbb630fc16fa4d6198f\">\n.flex_cell.av-av_cell_one_fourth-f916d7372e4f1fbb630fc16fa4d6198f{\nvertical-align:top;\nheight:5px;\nmin-height:5px;\nbackground-color:#719430;\n}\n.responsive #top #wrap_all .flex_cell.av-av_cell_one_fourth-f916d7372e4f1fbb630fc16fa4d6198f{\npadding:0px 0px 0px 0px !important;\n}\n<\/style>\n<div class='flex_cell av-av_cell_one_fourth-f916d7372e4f1fbb630fc16fa4d6198f av-gridrow-cell av_one_fourth no_margin  avia-builder-el-2  el_before_av_cell_one_fourth  avia-builder-el-first  content-align-top av-zero-padding'  ><div class='flex_cell_inner'><\/div><\/div>\n<style type=\"text\/css\" data-created_by=\"avia_inline_auto\" id=\"style-css-av-av_cell_one_fourth-47a5062920e1c1c43bf4668b12c60d0f\">\n.flex_cell.av-av_cell_one_fourth-47a5062920e1c1c43bf4668b12c60d0f{\nvertical-align:top;\nheight:5px;\nmin-height:5px;\nbackground-color:#92bb46;\n}\n.responsive #top #wrap_all .flex_cell.av-av_cell_one_fourth-47a5062920e1c1c43bf4668b12c60d0f{\npadding:0px 0px 0px 0px !important;\n}\n<\/style>\n<div class='flex_cell av-av_cell_one_fourth-47a5062920e1c1c43bf4668b12c60d0f av-gridrow-cell av_one_fourth no_margin  avia-builder-el-3  el_after_av_cell_one_fourth  el_before_av_cell_one_fourth  content-align-top av-zero-padding'  ><div class='flex_cell_inner'><\/div><\/div>\n<style type=\"text\/css\" data-created_by=\"avia_inline_auto\" id=\"style-css-av-av_cell_one_fourth-7aa26815af35112aede52036f0f74ed0\">\n.flex_cell.av-av_cell_one_fourth-7aa26815af35112aede52036f0f74ed0{\nvertical-align:top;\nheight:5px;\nmin-height:5px;\nbackground-color:#acd464;\n}\n.responsive #top #wrap_all .flex_cell.av-av_cell_one_fourth-7aa26815af35112aede52036f0f74ed0{\npadding:0px 0px 0px 0px !important;\n}\n<\/style>\n<div class='flex_cell av-av_cell_one_fourth-7aa26815af35112aede52036f0f74ed0 av-gridrow-cell av_one_fourth no_margin  avia-builder-el-4  el_after_av_cell_one_fourth  el_before_av_cell_one_fourth  content-align-top av-zero-padding'  ><div class='flex_cell_inner'><\/div><\/div>\n<style type=\"text\/css\" data-created_by=\"avia_inline_auto\" id=\"style-css-av-av_cell_one_fourth-51611782564329ccb79adfa69260925e\">\n.flex_cell.av-av_cell_one_fourth-51611782564329ccb79adfa69260925e{\nvertical-align:top;\nheight:5px;\nmin-height:5px;\nbackground-color:#e1fbb2;\n}\n.responsive #top #wrap_all .flex_cell.av-av_cell_one_fourth-51611782564329ccb79adfa69260925e{\npadding:0px 0px 0px 0px !important;\n}\n<\/style>\n<div class='flex_cell av-av_cell_one_fourth-51611782564329ccb79adfa69260925e av-gridrow-cell av_one_fourth no_margin  avia-builder-el-5  el_after_av_cell_one_fourth  avia-builder-el-last  content-align-top av-zero-padding'  ><div class='flex_cell_inner'><\/div><\/div>\n<\/div>\n<div id='av_section_1'  class='avia-section av-av_section-9448678628489a99ee34ba752a6bc874 main_color avia-section-default avia-no-border-styling  avia-builder-el-6  el_after_av_layout_row  el_before_av_section  avia-bg-style-scroll container_wrap sidebar_right'  ><div class='container av-section-cont-open' ><div class='template-page content  av-content-small alpha units'><div class='post-entry post-entry-type-page post-entry-417'><div class='entry-content-wrapper clearfix'>\n<section  class='av_textblock_section av-lztnodu3-4fc51c3d9a9c9d1eb7490b07bad8fe6d '   itemscope=\"itemscope\" itemtype=\"https:\/\/schema.org\/CreativeWork\" ><div class='avia_textblock'  itemprop=\"text\" ><h1>Om os<\/h1>\n<p style=\"font-weight: 400;\">Lilleskovens B\u00f8rnehus er et trygt og udviklingsorienteret b\u00f8rnehus, hvor n\u00e6rhed, nysgerrighed og f\u00e6llesskab er i centrum.<\/p>\n<p style=\"font-weight: 400;\">Vi prioriterer et t\u00e6t samarbejde med for\u00e6ldre for at skabe de bedste betingelser for hvert enkelt barn og b\u00f8rnef\u00e6llesskaberne.<\/p>\n<p style=\"font-weight: 400;\">Vi er et mindre b\u00f8rnehus med 12 vuggestueb\u00f8rn og 52 b\u00f8rnehaveb\u00f8rn beliggende i hjertet af Svendborg. Her er vi omgivet af \u00d8rkild Bakker, havnen, naturlegeplads og Svendborg kulturliv.<\/p>\n<\/div><\/section>\n<\/div><\/div><\/div><!-- close content main div --><\/div><\/div>\n<style type=\"text\/css\" data-created_by=\"avia_inline_auto\" id=\"style-css-av-av_section-db8dced9a0898d95eb632f55708b9d45\">\n.avia-section.av-av_section-db8dced9a0898d95eb632f55708b9d45 .av-section-color-overlay{\nopacity:0.8;\nbackground-color:#000000;\n}\n<\/style>\n<div id='av_section_2'  class='avia-section av-av_section-db8dced9a0898d95eb632f55708b9d45 alternate_color avia-section-huge avia-no-border-styling  avia-builder-el-8  el_after_av_section  avia-builder-el-last  avia-bg-style-fixed av-section-color-overlay-active container_wrap sidebar_right'  ><div class=\"av-section-color-overlay-wrap\"><div class=\"av-section-color-overlay\"><\/div><div class='container av-section-cont-open' ><div class='template-page content  av-content-small alpha units'><div class='post-entry post-entry-type-page post-entry-417'><div class='entry-content-wrapper clearfix'>\n\n<style type=\"text\/css\" data-created_by=\"avia_inline_auto\" id=\"style-css-av-av_one_fifth-068220c8262444be99a83ad265bdcedb\">\n.flex_column.av-av_one_fifth-068220c8262444be99a83ad265bdcedb{\nborder-radius:0px 0px 0px 0px;\npadding:0px 0px 0px 0px;\n}\n<\/style>\n<div  class='flex_column av-av_one_fifth-068220c8262444be99a83ad265bdcedb av_one_fifth  avia-builder-el-9  el_before_av_three_fifth  avia-builder-el-first  first flex_column_div av-zero-column-padding  '     ><\/div>\n<style type=\"text\/css\" data-created_by=\"avia_inline_auto\" id=\"style-css-av-av_three_fifth-e671fab5613f317ef63eb9ab712c64a3\">\n.flex_column.av-av_three_fifth-e671fab5613f317ef63eb9ab712c64a3{\nborder-radius:0px 0px 0px 0px;\npadding:0px 0px 0px 0px;\n}\n<\/style>\n<div  class='flex_column av-av_three_fifth-e671fab5613f317ef63eb9ab712c64a3 av_three_fifth  avia-builder-el-10  el_after_av_one_fifth  el_before_av_one_fifth  flex_column_div av-zero-column-padding  '     ><p>\n<style type=\"text\/css\" data-created_by=\"avia_inline_auto\" id=\"style-css-av-av_heading-bfc5b066dad78de846243168803fa9eb\">\n#top .av-special-heading.av-av_heading-bfc5b066dad78de846243168803fa9eb{\npadding-bottom:20px;\nfont-size:50px;\n}\nbody .av-special-heading.av-av_heading-bfc5b066dad78de846243168803fa9eb .av-special-heading-tag .heading-char{\nfont-size:25px;\n}\n#top #wrap_all .av-special-heading.av-av_heading-bfc5b066dad78de846243168803fa9eb .av-special-heading-tag{\nfont-size:50px;\n}\n.av-special-heading.av-av_heading-bfc5b066dad78de846243168803fa9eb .av-subheading{\nfont-size:15px;\n}\n\n@media only screen and (min-width: 480px) and (max-width: 767px){ \n#top #wrap_all .av-special-heading.av-av_heading-bfc5b066dad78de846243168803fa9eb .av-special-heading-tag{\nfont-size:0.8em;\n}\n}\n\n@media only screen and (max-width: 479px){ \n#top #wrap_all .av-special-heading.av-av_heading-bfc5b066dad78de846243168803fa9eb .av-special-heading-tag{\nfont-size:0.8em;\n}\n}\n<\/style>\n<div  class='av-special-heading av-av_heading-bfc5b066dad78de846243168803fa9eb av-special-heading-h1 blockquote modern-quote modern-centered  avia-builder-el-11  el_before_av_textblock  avia-builder-el-first  av-inherit-size'><h1 class='av-special-heading-tag '  itemprop=\"headline\"  >Kontakt os endelig<\/h1><div class=\"special-heading-border\"><div class=\"special-heading-inner-border\"><\/div><\/div><\/div><br \/>\n<section  class='av_textblock_section av-av_textblock-4e485bfc90fcef23cb6fbb6be05ab2d1 '   itemscope=\"itemscope\" itemtype=\"https:\/\/schema.org\/CreativeWork\" ><div class='avia_textblock'  itemprop=\"text\" ><p style=\"text-align: center;\">\u00d8nsker du at h\u00f8re mere om vores b\u00f8rnehus og de mange muligheder vi tilbyder &#8211; er du altid meget velkommen til at kontakte os p\u00e5 mail eller telefon.<\/p>\n<\/div><\/section><br \/>\n\n<style type=\"text\/css\" data-created_by=\"avia_inline_auto\" id=\"style-css-av-av_hr-541a50d8512ee1db65e0a741449ba0b9\">\n#top .hr.hr-invisible.av-av_hr-541a50d8512ee1db65e0a741449ba0b9{\nheight:20px;\n}\n<\/style>\n<div  class='hr av-av_hr-541a50d8512ee1db65e0a741449ba0b9 hr-invisible  avia-builder-el-13  el_after_av_textblock  el_before_av_button '><span class='hr-inner '><span class=\"hr-inner-style\"><\/span><\/span><\/div><br \/>\n<div  class='avia-button-wrap av-av_button-5fdc1a12f60cc95daea037f69c57081d-wrap avia-button-center  avia-builder-el-14  el_after_av_hr  avia-builder-el-last '><a href='https:\/\/lilleskoven.com\/index.php\/kontakt\/'  class='avia-button av-av_button-5fdc1a12f60cc95daea037f69c57081d av-link-btn avia-icon_select-yes-right-icon avia-size-large avia-position-center av-icon-on-hover avia-color-light'   aria-label=\"Ring eller skriv\"><span class='avia_iconbox_title' >Ring eller skriv<\/span><span class='avia_button_icon avia_button_icon_right avia-iconfont avia-font-entypo-fontello' data-av_icon='\ue806' data-av_iconfont='entypo-fontello' ><\/span><\/a><\/div><\/p><\/div>\n<style type=\"text\/css\" data-created_by=\"avia_inline_auto\" id=\"style-css-av-av_one_fifth-e671fab5613f317ef63eb9ab712c64a3\">\n.flex_column.av-av_one_fifth-e671fab5613f317ef63eb9ab712c64a3{\nborder-radius:0px 0px 0px 0px;\npadding:0px 0px 0px 0px;\n}\n<\/style>\n<div  class='flex_column av-av_one_fifth-e671fab5613f317ef63eb9ab712c64a3 av_one_fifth  avia-builder-el-15  el_after_av_three_fifth  avia-builder-el-last  flex_column_div av-zero-column-padding  '     ><\/div>\n<\/div><\/div><\/div><!-- close content main div --><\/div><\/div><\/div><div id='after_section_2'  class='main_color av_default_container_wrap container_wrap sidebar_right'  ><div class='container av-section-cont-open' ><div class='template-page content  av-content-small alpha units'><div class='post-entry post-entry-type-page post-entry-417'><div class='entry-content-wrapper clearfix'><\/p>\n","protected":false},"excerpt":{"rendered":"","protected":false},"author":2,"featured_media":474,"parent":0,"menu_order":0,"comment_status":"closed","ping_status":"closed","template":"","meta":{"inline_featured_image":false,"footnotes":""},"class_list":["post-417","page","type-page","status-publish","has-post-thumbnail","hentry"],"yoast_head":"<!-- This site is optimized with the Yoast SEO plugin v27.5 - https:\/\/yoast.com\/product\/yoast-seo-wordpress\/ -->\n<title>Om Lilleskovens B\u00f8rnehus i Svendborg - et 100% sikkert valg.<\/title>\n<meta name=\"description\" content=\"\u00d8nsker du at vide mere om Lilleskovens B\u00f8rnehus finder du her en masse god information og du er altid velkommen til at kontakte os.\" \/>\n<meta name=\"robots\" content=\"index, follow, max-snippet:-1, max-image-preview:large, max-video-preview:-1\" \/>\n<link rel=\"canonical\" href=\"https:\/\/lilleskoven.com\/index.php\/om-lilleskoven\/\" \/>\n<meta property=\"og:locale\" content=\"da_DK\" \/>\n<meta property=\"og:type\" content=\"article\" \/>\n<meta property=\"og:title\" content=\"Om Lilleskovens B\u00f8rnehus i Svendborg - et 100% sikkert valg.\" \/>\n<meta property=\"og:description\" content=\"\u00d8nsker du at vide mere om Lilleskovens B\u00f8rnehus finder du her en masse god information og du er altid velkommen til at kontakte os.\" \/>\n<meta property=\"og:url\" content=\"https:\/\/lilleskoven.com\/index.php\/om-lilleskoven\/\" \/>\n<meta property=\"og:site_name\" content=\"Lilleskovens B\u00f8rnehus i Svendborg\" \/>\n<meta property=\"article:modified_time\" content=\"2024-08-14T09:35:19+00:00\" \/>\n<meta property=\"og:image\" content=\"https:\/\/lilleskoven.com\/wp-content\/uploads\/2024\/04\/Lilleskoven_0006__DSC6966.jpg\" \/>\n\t<meta property=\"og:image:width\" content=\"1920\" \/>\n\t<meta property=\"og:image:height\" content=\"1280\" \/>\n\t<meta property=\"og:image:type\" content=\"image\/jpeg\" \/>\n<meta name=\"twitter:card\" content=\"summary_large_image\" \/>\n<meta name=\"twitter:label1\" content=\"Estimeret l\u00e6setid\" \/>\n\t<meta name=\"twitter:data1\" content=\"1 minut\" \/>\n<script type=\"application\/ld+json\" class=\"yoast-schema-graph\">{\"@context\":\"https:\\\/\\\/schema.org\",\"@graph\":[{\"@type\":\"WebPage\",\"@id\":\"https:\\\/\\\/lilleskoven.com\\\/index.php\\\/om-lilleskoven\\\/\",\"url\":\"https:\\\/\\\/lilleskoven.com\\\/index.php\\\/om-lilleskoven\\\/\",\"name\":\"Om Lilleskovens B\u00f8rnehus i Svendborg - et 100% sikkert valg.\",\"isPartOf\":{\"@id\":\"https:\\\/\\\/lilleskoven.com\\\/#website\"},\"primaryImageOfPage\":{\"@id\":\"https:\\\/\\\/lilleskoven.com\\\/index.php\\\/om-lilleskoven\\\/#primaryimage\"},\"image\":{\"@id\":\"https:\\\/\\\/lilleskoven.com\\\/index.php\\\/om-lilleskoven\\\/#primaryimage\"},\"thumbnailUrl\":\"https:\\\/\\\/lilleskoven.com\\\/wp-content\\\/uploads\\\/2024\\\/04\\\/Lilleskoven_0006__DSC6966.jpg\",\"datePublished\":\"2023-08-28T10:34:42+00:00\",\"dateModified\":\"2024-08-14T09:35:19+00:00\",\"description\":\"\u00d8nsker du at vide mere om Lilleskovens B\u00f8rnehus finder du her en masse god information og du er altid velkommen til at kontakte os.\",\"breadcrumb\":{\"@id\":\"https:\\\/\\\/lilleskoven.com\\\/index.php\\\/om-lilleskoven\\\/#breadcrumb\"},\"inLanguage\":\"da-DK\",\"potentialAction\":[{\"@type\":\"ReadAction\",\"target\":[\"https:\\\/\\\/lilleskoven.com\\\/index.php\\\/om-lilleskoven\\\/\"]}]},{\"@type\":\"ImageObject\",\"inLanguage\":\"da-DK\",\"@id\":\"https:\\\/\\\/lilleskoven.com\\\/index.php\\\/om-lilleskoven\\\/#primaryimage\",\"url\":\"https:\\\/\\\/lilleskoven.com\\\/wp-content\\\/uploads\\\/2024\\\/04\\\/Lilleskoven_0006__DSC6966.jpg\",\"contentUrl\":\"https:\\\/\\\/lilleskoven.com\\\/wp-content\\\/uploads\\\/2024\\\/04\\\/Lilleskoven_0006__DSC6966.jpg\",\"width\":1920,\"height\":1280},{\"@type\":\"BreadcrumbList\",\"@id\":\"https:\\\/\\\/lilleskoven.com\\\/index.php\\\/om-lilleskoven\\\/#breadcrumb\",\"itemListElement\":[{\"@type\":\"ListItem\",\"position\":1,\"name\":\"Hjem\",\"item\":\"https:\\\/\\\/lilleskoven.com\\\/\"},{\"@type\":\"ListItem\",\"position\":2,\"name\":\"Om Lilleskovens B\u00f8rnehus\"}]},{\"@type\":\"WebSite\",\"@id\":\"https:\\\/\\\/lilleskoven.com\\\/#website\",\"url\":\"https:\\\/\\\/lilleskoven.com\\\/\",\"name\":\"Lilleskovens B\u00f8rnehus i Svendborg\",\"description\":\"Dit valg af vuggestue og b\u00f8rnehave\",\"publisher\":{\"@id\":\"https:\\\/\\\/lilleskoven.com\\\/#organization\"},\"potentialAction\":[{\"@type\":\"SearchAction\",\"target\":{\"@type\":\"EntryPoint\",\"urlTemplate\":\"https:\\\/\\\/lilleskoven.com\\\/?s={search_term_string}\"},\"query-input\":{\"@type\":\"PropertyValueSpecification\",\"valueRequired\":true,\"valueName\":\"search_term_string\"}}],\"inLanguage\":\"da-DK\"},{\"@type\":\"Organization\",\"@id\":\"https:\\\/\\\/lilleskoven.com\\\/#organization\",\"name\":\"Lilleskovens B\u00f8rnehus i Svendborg\",\"url\":\"https:\\\/\\\/lilleskoven.com\\\/\",\"logo\":{\"@type\":\"ImageObject\",\"inLanguage\":\"da-DK\",\"@id\":\"https:\\\/\\\/lilleskoven.com\\\/#\\\/schema\\\/logo\\\/image\\\/\",\"url\":\"https:\\\/\\\/lilleskoven.com\\\/wp-content\\\/uploads\\\/2024\\\/01\\\/Logo.svg\",\"contentUrl\":\"https:\\\/\\\/lilleskoven.com\\\/wp-content\\\/uploads\\\/2024\\\/01\\\/Logo.svg\",\"width\":\"1030\",\"height\":\"1030\",\"caption\":\"Lilleskovens B\u00f8rnehus i Svendborg\"},\"image\":{\"@id\":\"https:\\\/\\\/lilleskoven.com\\\/#\\\/schema\\\/logo\\\/image\\\/\"}}]}<\/script>\n<!-- \/ Yoast SEO plugin. -->","yoast_head_json":{"title":"Om Lilleskovens B\u00f8rnehus i Svendborg - et 100% sikkert valg.","description":"\u00d8nsker du at vide mere om Lilleskovens B\u00f8rnehus finder du her en masse god information og du er altid velkommen til at kontakte os.","robots":{"index":"index","follow":"follow","max-snippet":"max-snippet:-1","max-image-preview":"max-image-preview:large","max-video-preview":"max-video-preview:-1"},"canonical":"https:\/\/lilleskoven.com\/index.php\/om-lilleskoven\/","og_locale":"da_DK","og_type":"article","og_title":"Om Lilleskovens B\u00f8rnehus i Svendborg - et 100% sikkert valg.","og_description":"\u00d8nsker du at vide mere om Lilleskovens B\u00f8rnehus finder du her en masse god information og du er altid velkommen til at kontakte os.","og_url":"https:\/\/lilleskoven.com\/index.php\/om-lilleskoven\/","og_site_name":"Lilleskovens B\u00f8rnehus i Svendborg","article_modified_time":"2024-08-14T09:35:19+00:00","og_image":[{"width":1920,"height":1280,"url":"https:\/\/lilleskoven.com\/wp-content\/uploads\/2024\/04\/Lilleskoven_0006__DSC6966.jpg","type":"image\/jpeg"}],"twitter_card":"summary_large_image","twitter_misc":{"Estimeret l\u00e6setid":"1 minut"},"schema":{"@context":"https:\/\/schema.org","@graph":[{"@type":"WebPage","@id":"https:\/\/lilleskoven.com\/index.php\/om-lilleskoven\/","url":"https:\/\/lilleskoven.com\/index.php\/om-lilleskoven\/","name":"Om Lilleskovens B\u00f8rnehus i Svendborg - et 100% sikkert valg.","isPartOf":{"@id":"https:\/\/lilleskoven.com\/#website"},"primaryImageOfPage":{"@id":"https:\/\/lilleskoven.com\/index.php\/om-lilleskoven\/#primaryimage"},"image":{"@id":"https:\/\/lilleskoven.com\/index.php\/om-lilleskoven\/#primaryimage"},"thumbnailUrl":"https:\/\/lilleskoven.com\/wp-content\/uploads\/2024\/04\/Lilleskoven_0006__DSC6966.jpg","datePublished":"2023-08-28T10:34:42+00:00","dateModified":"2024-08-14T09:35:19+00:00","description":"\u00d8nsker du at vide mere om Lilleskovens B\u00f8rnehus finder du her en masse god information og du er altid velkommen til at kontakte os.","breadcrumb":{"@id":"https:\/\/lilleskoven.com\/index.php\/om-lilleskoven\/#breadcrumb"},"inLanguage":"da-DK","potentialAction":[{"@type":"ReadAction","target":["https:\/\/lilleskoven.com\/index.php\/om-lilleskoven\/"]}]},{"@type":"ImageObject","inLanguage":"da-DK","@id":"https:\/\/lilleskoven.com\/index.php\/om-lilleskoven\/#primaryimage","url":"https:\/\/lilleskoven.com\/wp-content\/uploads\/2024\/04\/Lilleskoven_0006__DSC6966.jpg","contentUrl":"https:\/\/lilleskoven.com\/wp-content\/uploads\/2024\/04\/Lilleskoven_0006__DSC6966.jpg","width":1920,"height":1280},{"@type":"BreadcrumbList","@id":"https:\/\/lilleskoven.com\/index.php\/om-lilleskoven\/#breadcrumb","itemListElement":[{"@type":"ListItem","position":1,"name":"Hjem","item":"https:\/\/lilleskoven.com\/"},{"@type":"ListItem","position":2,"name":"Om Lilleskovens B\u00f8rnehus"}]},{"@type":"WebSite","@id":"https:\/\/lilleskoven.com\/#website","url":"https:\/\/lilleskoven.com\/","name":"Lilleskovens B\u00f8rnehus i Svendborg","description":"Dit valg af vuggestue og b\u00f8rnehave","publisher":{"@id":"https:\/\/lilleskoven.com\/#organization"},"potentialAction":[{"@type":"SearchAction","target":{"@type":"EntryPoint","urlTemplate":"https:\/\/lilleskoven.com\/?s={search_term_string}"},"query-input":{"@type":"PropertyValueSpecification","valueRequired":true,"valueName":"search_term_string"}}],"inLanguage":"da-DK"},{"@type":"Organization","@id":"https:\/\/lilleskoven.com\/#organization","name":"Lilleskovens B\u00f8rnehus i Svendborg","url":"https:\/\/lilleskoven.com\/","logo":{"@type":"ImageObject","inLanguage":"da-DK","@id":"https:\/\/lilleskoven.com\/#\/schema\/logo\/image\/","url":"https:\/\/lilleskoven.com\/wp-content\/uploads\/2024\/01\/Logo.svg","contentUrl":"https:\/\/lilleskoven.com\/wp-content\/uploads\/2024\/01\/Logo.svg","width":"1030","height":"1030","caption":"Lilleskovens B\u00f8rnehus i Svendborg"},"image":{"@id":"https:\/\/lilleskoven.com\/#\/schema\/logo\/image\/"}}]}},"_links":{"self":[{"href":"https:\/\/lilleskoven.com\/index.php\/wp-json\/wp\/v2\/pages\/417","targetHints":{"allow":["GET"]}}],"collection":[{"href":"https:\/\/lilleskoven.com\/index.php\/wp-json\/wp\/v2\/pages"}],"about":[{"href":"https:\/\/lilleskoven.com\/index.php\/wp-json\/wp\/v2\/types\/page"}],"author":[{"embeddable":true,"href":"https:\/\/lilleskoven.com\/index.php\/wp-json\/wp\/v2\/users\/2"}],"replies":[{"embeddable":true,"href":"https:\/\/lilleskoven.com\/index.php\/wp-json\/wp\/v2\/comments?post=417"}],"version-history":[{"count":5,"href":"https:\/\/lilleskoven.com\/index.php\/wp-json\/wp\/v2\/pages\/417\/revisions"}],"predecessor-version":[{"id":666,"href":"https:\/\/lilleskoven.com\/index.php\/wp-json\/wp\/v2\/pages\/417\/revisions\/666"}],"wp:featuredmedia":[{"embeddable":true,"href":"https:\/\/lilleskoven.com\/index.php\/wp-json\/wp\/v2\/media\/474"}],"wp:attachment":[{"href":"https:\/\/lilleskoven.com\/index.php\/wp-json\/wp\/v2\/media?parent=417"}],"curies":[{"name":"wp","href":"https:\/\/api.w.org\/{rel}","templated":true}]}}